 -b + 5*j + 219 = v. What is the hundreds digit of b?
2
Suppose -3*n = 6*n + 3132. Let o = 787 + n. What is the tens digit of o?
3
Let k(p) = -2*p + 28. Let t be k(10). Suppose -3*a - 3*j = -1548, -9*a + 491 = -t*a - 4*j. What is the units digit of a?
1
Suppose 1238508 + 696946 = 62*i. What is the units digit of i?
7
What is the thousands digit of 7 + 4 + 1113 - -14?
1
Suppose 0 = -27*b + 20*b + 252. What is the hundreds digit of 8908/22 + b/396?
4
What is the thousands digit of 56/28*(-4 + -1 + 11210/4)?
5
Suppose 8*b + 37 = 621. Suppose t + b = -0*t. Let w = t + 144. What is the units digit of w?
1
Let c = 12456 + -3127. What is the units digit of c?
9
Let z be 33/22 - (0 - (-1721)/(-2)). Suppose 2094 = 4*g + z. Let r = -200 + g. What is the hundreds digit of r?
1
Suppose f - 32 = -32. Suppose f*n - 6664 = -28*n. What is the hundreds digit of n?
2
Let x be 44/4 + (8 - (-44)/(-4)). Let p(k) = 10*k**2 - 13*k + 10 + 3 - 1 - k**3. What is the units digit of p(x)?
6
Suppose -133 = -f - 3*u, 0 = 3*f + u - 439. Suppose f = x - 5*y, 0*x - 3*x = -5*y - 434. Suppose -o + x = -10. What is the hundreds digit of o?
1
Suppose 0*x = -5*z - 3*x + 174, z + 3*x - 42 = 0. Let r be 2/6 - (-4576)/z. Let d = -30 + r. What is the units digit of d?
9
Let c(v) = -60*v + 1702. What is the thousands digit of c(-69)?
5
What is the units digit of 668 - -17917 - 7*-1?
2
Let x(m) = m**2 + 11*m + 12. Let l be x(-10). Suppose 0 = -3*v - l*y + 2216, 40 - 1519 = -2*v - 3*y. What is the units digit of v?
8
Suppose 0 = -11*b + 14*b + 93. Let d = -33 - b. Let u(h) = 17*h**2 - 5*h - 7. What is the tens digit of u(d)?
7
Suppose d + 4*t - 257 = 1248, 5*t = 4*d - 6125. Suppose -9*c = -4*c - d. Suppose 14 - c = -3*p. What is the tens digit of p?
9
Let n(z) = z**3 - 16*z**2 - 38*z + 16. Let m be n(18). What is the tens digit of (-15248)/m + (0 - (-6)/(-15))?
6
Let n(c) = -36*c - 8. Let o be n(-16). Suppose -o = -4*t + 636. What is the units digit of t?
1
Let w = -51 - -58. Suppose 3*s - w - 13 = -5*j, j = 1. Suppose s*n = 4*n + 87. What is the tens digit of n?
8
Let a be 5/((-80)/(-108))*(-10 - -2). Let c be (-3)/(-12) + a/(-8). What is the units digit of ((-1659)/(-9))/c*3?
9
Let b(w) = 3*w**3 - 11*w**2 + 10*w + 23. Let t be b(9). Suppose -4*k - m + 168 = -t, 3*k - 1183 = -m. What is the units digit of k?
4
Suppose g = j - 117, 3*j + 3*g + 118 - 487 = 0. Suppose -250 = -4*i - 2*h, -2*h - 179 = -5*i + j. What is the tens digit of i?
6
What is the thousands digit of ((-837909)/628)/((-6)/16)?
3
Suppose -19*p + 100 = -24*p. Let r = -12 - p. Let u = r - -115. What is the tens digit of u?
2
Suppose -83*x + 598627 = -435021 - 141715. What is the units digit of x?
1
Let q(v) be the second derivative of v**5/20 - 5*v**4/6 + 11*v**3/6 - 17*v**2 - 4*v. What is the units digit of q(12)?
6
Let y(w) = 11*w**3 - 5*w**2 + 2*w + 7. Let k be 4 - (0/(-1) + 3 + -2). What is the units digit of y(k)?
5
Let r be 4/16*4 + -5. Let h(g) = 4*g + 18. Let s be h(r). Suppose -3*y + 2*v + 30 = 0, s = y + v - 13. What is the tens digit of y?
1
Let x = 33539 + -12504. What is the units digit of x?
5
Let n be (8182/(-10))/1 + (-20)/25. Let v = 1644 + n. What is the tens digit of v?
2
Suppose -6618 = w - 5*w - 3*o, -4*o - 8 = 0. Let l = 2437 - w. What is the units digit of l?
1
Suppose 16*h = 12415 + 90353. What is the units digit of h?
3
Let t = -547 + 450. Let y = t + 421. What is the units digit of y?
4
Suppose l + 206 = 253. Suppose -l + 11 = -c. What is the units digit of c/(-84) - 59/(-7)?
8
Suppose 6 = 6*a - 3*a, x = 2*a. Suppose -2*t + 157 = 3*w, 7*t - 4*t - x*w = 244. What is the units digit of t?
0
Let c(v) = -v**3 + 22*v**2 - 8*v - 41. What is the thousands digit of c(-10)?
3
Let k(s) = 314*s - 561. What is the thousands digit of k(139)?
3
Let w = -17922 - -25724. What is the hundreds digit of w?
8
Let u = 110 - 107. Suppose 0 = u*i - 575 - 217. What is the hundreds digit of i?
2
Let w be (5 - 0)*(-31)/(-1). Let y be 0/13*6/42. What is the units digit of (-14)/35*w*(-1 - y)?
2
Let b = -5110 - -14827. What is the tens digit of b?
1
Let t(u) = 4990*u - 744. What is the hundreds digit of t(1)?
2
Let d(q) = q**3 + 69*q**2 - 12*q + 77. What is the thousands digit of d(-66)?
3
Let t = -1675 - -3036. What is the tens digit of t?
6
Suppose -18150 = 606*p - 609*p. Suppose -y + 1889 = 2*f, -p = -5*y - 5*f + 3415. What is the hundreds digit of y?
8
Let k be 30/285 + (-1541)/19. Let r = 141 + k. What is the tens digit of r?
6
Suppose 2*g = s - 2248, -4*s + 998 = -3*g - 2369. Let o = -676 - g. What is the hundreds digit of o?
4
Suppose 4*h - 3*h + l = 46, 2*h + 4*l - 82 = 0. Let r = h - -76. What is the units digit of r?
7
Suppose -2*o - 24 = -10*o. Let c = -78 + 94. Suppose o*l + l - c = 0. What is the units digit of l?
4
Let t(c) = 73*c**2 - 15*c - 10. Let y be t(5). Suppose 0 = -3*k, -8*p + y = -3*p + k. What is the tens digit of p?
4
Let a be (-28)/154 - 96/(-44). Suppose 0 = k - 3*i - 438, 4*k + 235 - 1967 = a*i. What is the tens digit of k?
3
Suppose 0 = 4*h - h - 105. Suppose 30*b - h*b = -1710. What is the units digit of b?
2
Let x(n) = 592*n**3 + 4*n**2 - 5*n + 9. What is the thousands digit of x(3)?
6
Suppose 4*d - 29*z + 30*z - 864 = 0, -5*d + 1080 = -4*z. What is the hundreds digit of d?
2
Suppose -108*z - 8024 - 1033996 = -144*z. What is the hundreds digit of z?
9
Suppose 0 = 2*h - 3*h + 2*u + 312, -4*h + 1292 = 3*u. What is the hundreds digit of 66/(-4)*h/(-15)?
3
Let m = 3166 - -3761. What is the thousands digit of m?
6
Let y = 73016 - 48536. What is the thousands digit of y?
4
Let d(q) = 33 - 73*q + 6 + 5*q - 17*q + 0. What is the tens digit of d(-7)?
3
Suppose q - 82535 = 5*k, -18*q + 14*q = 2*k - 330228. What is the tens digit of q?
5
Let l(j) = 4*j**2 - 15*j - 4. Let q be l(4). Suppose 0*a + 4*a + p - 2803 = 0, q = -4*a + 5*p + 2833. What is the units digit of a?
2
Let k(f) = -3*f**3 - 36*f**2 + 9*f + 285. What is the thousands digit of k(-25)?
4
Let f(m) = -m**3 + 8*m**2 + 5. Let q be f(8). Let i(p) = 3*p**2 + 12*p - 5. Let s be i(-5). What is the tens digit of 2/s + 834/q?
6
Let z(i) be the first derivative of -i**4/2 + 32*i**3/3 + 35*i**2/2 + 10*i - 38. What is the tens digit of z(17)?
2
Let c(j) = -5*j - 10*j - 12 + 14*j**2 - j**3 - 4 - 6*j. Let x = 101 - 91. What is the hundreds digit of c(x)?
1
Let q = -603 + 949. Suppose t = -3*f + 3*t + 512, t = -2*f + q. What is the tens digit of f?
7
Let f(q) be the first derivative of 2*q**3 - 15*q**2/2 - 111. What is the units digit of f(-4)?
6
Let q = -30291 + 43871. What is the ten thousands digit of q?
1
Suppose -14*l - 45 - 11 = 0. Let r(u) = 29*u**2 - 7*u - 6. What is the tens digit of r(l)?
8
Let a(j) = 2*j**2 - 11*j - 24. Let w(v) = v**2 - v - 4. Let m be w(-2). Let l be m/(-9) - -101*(-4)/(-36). What is the tens digit of a(l)?
9
Let x = -17 - -12. Let m(w) = 34*w**2 - 3*w - 73. What is the hundreds digit of m(x)?
7
Let q(v) be the second derivative of -v**5/20 - 11*v**4/12 + 7*v**3/2 + 67*v**2/2 + v + 76. What is the units digit of q(-15)?
2
Let c = 60 + -50. Let d = -155 + c. Let f = d + 278. What is the hundreds digit of f?
1
Suppose 0 = -78*r + 69*r + 75852. What is the units digit of 1/(-5) - r/(-215)?
9
Let x(n) = 78*n + 12. Let o be x(-1). Let m = o - -124. What is the units digit of m?
8
Let b = 12147 - -13845. What is the thousands digit of b?
5
Let s(j) = 1682*j - 949. What is the hundreds digit of s(29)?
8
Suppose -45 = -3*u - p - 2*p, -u + 4*p - 10 = 0. What is the hundreds digit of (-242)/(-3)*(6 - 45/u)?
1
Let o(p) = -p**2 + 9*p + 8. Let w be o(9). Let n(y) be the third derivative of y**4/6 - 8*y**3/3 - 26*y**2. What is the units digit of n(w)?
6
Suppose -77 = 5*i - 467. Suppose -4*r + 1750 - i = 0. What is the hundreds digit of r?
4
Let k(u) = 5*u**3 + 9*u**2 - 23*u + 18. What is the thousands digit of k(7)?
2
Let k(n) = 15*n**3 + 9*n**2 - 17*n - 31. Let f be k(5). Let w = f + -637. What is the hundreds digit of w?
3
What is the tens digit of -1 + 4668/16 + (-31)/(-124)?
9
Let a = 970 + 4800. What is the thousands digit of a?
5
Let g = 2985 + -1643. Suppose 16*s - 18*s = -g. What is the tens digit of s?
7
Suppose -5*m - 107 = -5*r + 18, -3*r - 2*m + 55 = 0. Suppose 2*n + 4*b + r = -b, b = n. What is the tens digit of (-441)/(-12